{"id":85,"date":"2015-06-22T16:05:49","date_gmt":"2015-06-22T16:05:49","guid":{"rendered":"http:\/\/www.tapiceriamarbella.com\/es\/?page_id=85"},"modified":"2015-07-23T05:55:58","modified_gmt":"2015-07-23T05:55:58","slug":"toldos","status":"publish","type":"page","link":"https:\/\/www.tapiceriamarbella.com\/es\/toldos\/","title":{"rendered":"TOLDOS"},"content":{"rendered":"<p>[et_pb_section transparent_background=\u00bboff\u00bb background_color=\u00bb#ba9d56&#8243; allow_player_pause=\u00bboff\u00bb inner_shadow=\u00bboff\u00bb parallax=\u00bboff\u00bb parallax_method=\u00bboff\u00bb padding_mobile=\u00bboff\u00bb make_fullwidth=\u00bboff\u00bb use_custom_width=\u00bboff\u00bb width_unit=\u00bbon\u00bb make_equal=\u00bboff\u00bb use_custom_gutter=\u00bboff\u00bb][et_pb_row][et_pb_column type=\u00bb4_4&#8243;][et_pb_divider admin_label=\u00bbSeparador\u00bb color=\u00bb#ffffff\u00bb show_divider=\u00bboff\u00bb height=\u00bb30&#8243; divider_style=\u00bbsolid\u00bb divider_position=\u00bbtop\u00bb hide_on_mobile=\u00bbon\u00bb \/][et_pb_divider admin_label=\u00bbSeparador\u00bb color=\u00bb#ffffff\u00bb show_divider=\u00bboff\u00bb height=\u00bb30&#8243; divider_style=\u00bbsolid\u00bb divider_position=\u00bbtop\u00bb hide_on_mobile=\u00bbon\u00bb \/][\/et_pb_column][\/et_pb_row][et_pb_row][et_pb_column type=\u00bb1_2&#8243;][et_pb_text admin_label=\u00bbTexto\u00bb background_layout=\u00bblight\u00bb text_orientation=\u00bbleft\u00bb use_border_color=\u00bboff\u00bb border_color=\u00bb#ffffff\u00bb border_style=\u00bbsolid\u00bb]<\/p>\n<p align=\"justify\"><span class=\"dos\" style=\"color: #333333;\">Le ofrecemos soluciones a su medida en elaboraci\u00f3n, confecci\u00f3n y montaje de todo tipo de toldos, tanto para su vivienda o negocio.<\/span><\/p>\n<p class=\"dos\" align=\"justify\"><span style=\"color: #333333;\">Tel\u00f3n &#8211; Stor &#8211; Punto Recto &#8211; Brazo invisible &#8211; Cofre &#8211; Correderos &#8211; marinos -Cortinas Parasoles Jard\u00edn o Terraza &#8211; Toldos p\u00e0ra terraza de bar o restaurantes.<\/span><\/p>\n<h4><\/h4>\n<p>[\/et_pb_text][et_pb_divider admin_label=\u00bbSeparador\u00bb color=\u00bb#ffffff\u00bb show_divider=\u00bboff\u00bb height=\u00bb30&#8243; divider_style=\u00bbsolid\u00bb divider_position=\u00bbtop\u00bb hide_on_mobile=\u00bbon\u00bb \/][et_pb_image admin_label=\u00bbImagen\u00bb src=\u00bbhttp:\/\/www.tapiceriamarbella.com\/es\/wp-content\/uploads\/2015\/06\/hottub-covers-for-all-hottubs.png\u00bb show_in_lightbox=\u00bboff\u00bb url_new_window=\u00bboff\u00bb animation=\u00bboff\u00bb sticky=\u00bboff\u00bb align=\u00bbleft\u00bb force_fullwidth=\u00bboff\u00bb always_center_on_mobile=\u00bbon\u00bb use_border_color=\u00bboff\u00bb border_color=\u00bb#ffffff\u00bb border_style=\u00bbsolid\u00bb \/][\/et_pb_column][et_pb_column type=\u00bb1_2&#8243;][et_pb_gallery admin_label=\u00bbGaler\u00eda\u00bb gallery_ids=\u00bb299,300,301,302,304,309,311,312,313,314&#8243; fullwidth=\u00bbon\u00bb show_title_and_caption=\u00bbon\u00bb show_pagination=\u00bbon\u00bb background_layout=\u00bblight\u00bb auto=\u00bboff\u00bb hover_overlay_color=\u00bbrgba(255,255,255,0.9)\u00bb caption_all_caps=\u00bboff\u00bb use_border_color=\u00bboff\u00bb border_color=\u00bb#ffffff\u00bb border_style=\u00bbsolid\u00bb \/][et_pb_divider admin_label=\u00bbSeparador\u00bb color=\u00bb#ffffff\u00bb show_divider=\u00bboff\u00bb height=\u00bb30&#8243; divider_style=\u00bbsolid\u00bb divider_position=\u00bbtop\u00bb hide_on_mobile=\u00bbon\u00bb \/][et_pb_text admin_label=\u00bbTexto\u00bb background_layout=\u00bblight\u00bb text_orientation=\u00bbleft\u00bb use_border_color=\u00bboff\u00bb border_color=\u00bb#ffffff\u00bb border_style=\u00bbsolid\u00bb]<\/p>\n<h2 style=\"text-align: center;\">REALIZAMOS FUNDAS DE JACUZZI A MEDIDA<\/h2>\n<p>[\/et_pb_text][\/et_pb_column][\/et_pb_row][et_pb_row][et_pb_column type=\u00bb4_4&#8243;][et_pb_divider admin_label=\u00bbSeparador\u00bb color=\u00bb#ffffff\u00bb show_divider=\u00bboff\u00bb height=\u00bb30&#8243; divider_style=\u00bbsolid\u00bb divider_position=\u00bbtop\u00bb hide_on_mobile=\u00bbon\u00bb \/][et_pb_divider admin_label=\u00bbSeparador\u00bb color=\u00bb#ffffff\u00bb show_divider=\u00bboff\u00bb height=\u00bb30&#8243; divider_style=\u00bbsolid\u00bb divider_position=\u00bbtop\u00bb hide_on_mobile=\u00bbon\u00bb \/][\/et_pb_column][\/et_pb_row][\/et_pb_section]<\/p>\n","protected":false},"excerpt":{"rendered":"<p><div class=\"et_pb_row et_pb_row_0 et_pb_row_empty\">\n\t\t\t\t\n\t\t\t\t\n\t\t\t\t\n\t\t\t\t\n\t\t\t\t\n\t\t\t<\/div><div class=\"et_pb_row et_pb_row_1 et_pb_row_empty\">\n\t\t\t\t\n\t\t\t\t\n\t\t\t\t\n\t\t\t\t\n\t\t\t\t\n\t\t\t<\/div> Le ofrecemos soluciones a su medida en elaboraci\u00f3n, confecci\u00f3n y montaje de todo tipo de toldos, tanto para su vivienda o negocio. Tel\u00f3n &#8211; Stor &#8211; Punto Recto &#8211; Brazo invisible &#8211; Cofre &#8211; Correderos &#8211; marinos -Cortinas Parasoles Jard\u00edn o Terraza &#8211; Toldos p\u00e0ra terraza de bar o restaurantes. REALIZAMOS FUNDAS DE JACUZZI [&hellip;]<\/p>\n","protected":false},"author":1,"featured_media":0,"parent":0,"menu_order":0,"comment_status":"open","ping_status":"open","template":"","meta":{"_et_pb_use_builder":"on","_et_pb_old_content":"","_et_gb_content_width":"","footnotes":""},"_links":{"self":[{"href":"https:\/\/www.tapiceriamarbella.com\/es\/wp-json\/wp\/v2\/pages\/85"}],"collection":[{"href":"https:\/\/www.tapiceriamarbella.com\/es\/wp-json\/wp\/v2\/pages"}],"about":[{"href":"https:\/\/www.tapiceriamarbella.com\/es\/wp-json\/wp\/v2\/types\/page"}],"author":[{"embeddable":true,"href":"https:\/\/www.tapiceriamarbella.com\/es\/wp-json\/wp\/v2\/users\/1"}],"replies":[{"embeddable":true,"href":"https:\/\/www.tapiceriamarbella.com\/es\/wp-json\/wp\/v2\/comments?post=85"}],"version-history":[{"count":8,"href":"https:\/\/www.tapiceriamarbella.com\/es\/wp-json\/wp\/v2\/pages\/85\/revisions"}],"predecessor-version":[{"id":348,"href":"https:\/\/www.tapiceriamarbella.com\/es\/wp-json\/wp\/v2\/pages\/85\/revisions\/348"}],"wp:attachment":[{"href":"https:\/\/www.tapiceriamarbella.com\/es\/wp-json\/wp\/v2\/media?parent=85"}],"curies":[{"name":"wp","href":"https:\/\/api.w.org\/{rel}","templated":true}]}}

<p>[et_pb_section transparent_background=»off» background_color=»#ba9d56&#8243; allow_player_pause=»off» inner_shadow=»off» parallax=»off» parallax_method=»off» padding_mobile=»off» make_fullwidth=»off» use_custom_width=»off» width_unit=»on» make_equal=»off» use_custom_gutter=»off»][et_pb_row][et_pb_column type=»4_4&#8243;][et_pb_divider admin_label=»Separador» color=»#ffffff» show_divider=»off» height=»30&#8243; divider_style=»solid» divider_position=»top» hide_on_mobile=»on» /][et_pb_divider admin_label=»Separador» color=»#ffffff» show_divider=»off» height=»30&#8243; divider_style=»solid» divider_position=»top» hide_on_mobile=»on» /][/et_pb_column][/et_pb_row][et_pb_row][et_pb_column type=»1_2&#8243;][et_pb_text admin_label=»Texto» background_layout=»light» text_orientation=»left» use_border_color=»off» border_color=»#ffffff» border_style=»solid»]</p>
<p align="justify"><span class="dos" style="color: #333333;">Le ofrecemos soluciones a su medida en elaboración, confección y montaje de todo tipo de toldos, tanto para su vivienda o negocio.</span></p>
<p class="dos" align="justify"><span style="color: #333333;">Telón &#8211; Stor &#8211; Punto Recto &#8211; Brazo invisible &#8211; Cofre &#8211; Correderos &#8211; marinos -Cortinas Parasoles Jardín o Terraza &#8211; Toldos pàra terraza de bar o restaurantes.</span></p>
<h4></h4>
<p>[/et_pb_text][et_pb_divider admin_label=»Separador» color=»#ffffff» show_divider=»off» height=»30&#8243; divider_style=»solid» divider_position=»top» hide_on_mobile=»on» /][et_pb_image admin_label=»Imagen» src=»http://www.tapiceriamarbella.com/es/wp-content/uploads/2015/06/hottub-covers-for-all-hottubs.png» show_in_lightbox=»off» url_new_window=»off» animation=»off» sticky=»off» align=»left» force_fullwidth=»off» always_center_on_mobile=»on» use_border_color=»off» border_color=»#ffffff» border_style=»solid» /][/et_pb_column][et_pb_column type=»1_2&#8243;][et_pb_gallery admin_label=»Galería» gallery_ids=»299,300,301,302,304,309,311,312,313,314&#8243; fullwidth=»on» show_title_and_caption=»on» show_pagination=»on» background_layout=»light» auto=»off» hover_overlay_color=»rgba(255,255,255,0.9)» caption_all_caps=»off» use_border_color=»off» border_color=»#ffffff» border_style=»solid» /][et_pb_divider admin_label=»Separador» color=»#ffffff» show_divider=»off» height=»30&#8243; divider_style=»solid» divider_position=»top» hide_on_mobile=»on» /][et_pb_text admin_label=»Texto» background_layout=»light» text_orientation=»left» use_border_color=»off» border_color=»#ffffff» border_style=»solid»]</p>
<h2 style="text-align: center;">REALIZAMOS FUNDAS DE JACUZZI A MEDIDA</h2>
<p>[/et_pb_text][/et_pb_column][/et_pb_row][et_pb_row][et_pb_column type=»4_4&#8243;][et_pb_divider admin_label=»Separador» color=»#ffffff» show_divider=»off» height=»30&#8243; divider_style=»solid» divider_position=»top» hide_on_mobile=»on» /][et_pb_divider admin_label=»Separador» color=»#ffffff» show_divider=»off» height=»30&#8243; divider_style=»solid» divider_position=»top» hide_on_mobile=»on» /][/et_pb_column][/et_pb_row][/et_pb_section]</p>

<p><div class="et_pb_row et_pb_row_0 et_pb_row_empty">
				
				
				
				
				
			</div><div class="et_pb_row et_pb_row_1 et_pb_row_empty">
				
				
				
				
				
			</div> Le ofrecemos soluciones a su medida en elaboración, confección y montaje de todo tipo de toldos, tanto para su vivienda o negocio. Telón &#8211; Stor &#8211; Punto Recto &#8211; Brazo invisible &#8211; Cofre &#8211; Correderos &#8211; marinos -Cortinas Parasoles Jardín o Terraza &#8211; Toldos pàra terraza de bar o restaurantes. REALIZAMOS FUNDAS DE JACUZZI [&hellip;]</p>
