{"id":449,"date":"2024-05-24T09:39:29","date_gmt":"2024-05-24T09:39:29","guid":{"rendered":"https:\/\/www.tapiceriamarbella.com\/es\/?page_id=449"},"modified":"2024-05-24T09:45:21","modified_gmt":"2024-05-24T09:45:21","slug":"aviso-legal","status":"publish","type":"page","link":"https:\/\/www.tapiceriamarbella.com\/es\/aviso-legal\/","title":{"rendered":"Aviso Legal"},"content":{"rendered":"<p>[et_pb_section fb_built=\u00bb1&#8243; _builder_version=\u00bb4.25.1&#8243; _module_preset=\u00bbdefault\u00bb global_colors_info=\u00bb{}\u00bb custom_padding=\u00bb||41px|||\u00bb][et_pb_row _builder_version=\u00bb4.25.1&#8243; _module_preset=\u00bbdefault\u00bb global_colors_info=\u00bb{}\u00bb][et_pb_column type=\u00bb4_4&#8243; _builder_version=\u00bb4.25.1&#8243; _module_preset=\u00bbdefault\u00bb global_colors_info=\u00bb{}\u00bb][et_pb_text _builder_version=\u00bb4.25.1&#8243; _module_preset=\u00bbdefault\u00bb hover_enabled=\u00bb0&#8243; global_colors_info=\u00bb{}\u00bb sticky_enabled=\u00bb0&#8243; text_font_size=\u00bb15px\u00bb custom_padding=\u00bb33px|||||\u00bb text_line_height=\u00bb1.3em\u00bb]<\/p>\n<p style=\"text-align: justify;\">El titular del dominio de este portal <span style=\"color: #993300;\">www.tapiceriamarbella.com<\/span> proh\u00edbe la reproducci\u00f3n total o parcial de los contenidos del mismo sin citar su origen o solicitar autorizaci\u00f3n.<\/p>\n<p style=\"text-align: justify;\">La informaci\u00f3n contenida en este sistema es de elaboraci\u00f3n propia, procede de fuentes p\u00fablicas, de fuentes autorizadas por la instituci\u00f3n o insertada por los visitantes al mismo. En estos dos \u00faltimos casos, las opiniones vertidas en las zonas destinadas a tal fin son propiedad de sus respectivos autores. El titular del dominio no se solidariza ni responsabiliza por la exactitud y verosimilitud de las opiniones vertidas o textos publicados en dichas zonas, y declina toda responsabilidad por la lectura, interpretaci\u00f3n y\/o utilizaci\u00f3n que se le d\u00e9 a los mismos. Asimismo, se reserva el derecho de eliminar, sin previa notificaci\u00f3n y a su propia discreci\u00f3n, los mensajes enviados por los visitantes u otras fuentes autorizadas si son considerados inapropiados para el contenido del sitio, as\u00ed como impedir a los autores el acceso a la Web mediante los medios t\u00e9cnicos disponibles en la actualidad o en el futuro.<br \/>En caso de que en el sistema hubiera enlaces hacia otros sitios de internet, el titular del dominio no ejerce ning\u00fan control sobre dichos sitios o contenidos, no siendo responsable de los contenidos de estos enlaces.<\/p>\n<p style=\"text-align: justify;\">Esta instituci\u00f3n no se hace responsable de los da\u00f1os y perjuicios que pudiera ocasionar la utilizaci\u00f3n de la informaci\u00f3n albergada en este portal en general y, en particular, en lo relativo a la toma de decisiones sobre el inicio, desarrollo o resultado de procedimientos administrativos. Cualquier decisi\u00f3n de esta \u00edndole debe ser contrastada en las instituciones, centros, organismos o dependencias competentes.<\/p>\n<p style=\"text-align: justify;\">En todo caso, la informaci\u00f3n y los contenidos de este portal no podr\u00e1n ser alegados en procesos contradictorios con la Administraci\u00f3n P\u00fablica, no asumiendo responsabilidad alguna por las discrepancias que pudiesen existir entre los documentos impresos de la Administraci\u00f3n competente y la publicaci\u00f3n electr\u00f3nica en estas p\u00e1ginas.<\/p>\n<p style=\"text-align: justify;\">Los ficheros de datos de suscripciones de este sistema no contienen datos personales, ni el usuario tiene que facilitarlos para utilizar las funcionalidades y herramientas que se le ofrecen. Esta instituci\u00f3n no se responsabiliza de las respuestas que se realicen a trav\u00e9s de las distintas direcciones de correo electr\u00f3nico que aparecen en estas p\u00e1ginas.<\/p>\n<p style=\"text-align: justify;\">No es posible garantizar absolutamente la no interferencia de terceros ajenos al sitio, por lo que no asegura bajo ning\u00fan concepto la exactitud, verosimilitud y fidelidad de la informaci\u00f3n del sitio, ni \u00edntegra ni parcialmente. Tampoco est\u00e1 asegurada la inalterabilidad o intangibilidad de todo lo publicado en l\u00ednea por el sitio. La informaci\u00f3n suministrada en todo el sistema, incluidas las suscripciones, tiene car\u00e1cter meramente informativo.<\/p>\n<p style=\"text-align: justify;\">El titular del dominio se reserva el derecho a retirar y\/o modificar el acceso a los servicios ofrecidos o contenidos publicados sin necesidad de preaviso.<\/p>\n<p style=\"text-align: justify;\">Los usuarios aceptan que ni la instituci\u00f3n titular, ni sus administradores ser\u00e1n responsables por el uso de la informaci\u00f3n que ofrece el sitio ni por la entrega, la calidad, los vicios o cualquier otro defecto que pudiesen presentar la Informaci\u00f3n, los servicios, u otros contenidos expuestos, adquiridos u obtenidos como consecuencia de la informaci\u00f3n que se alberga en el portal.<\/p>\n<p>[\/et_pb_text][\/et_pb_column][\/et_pb_row][\/et_pb_section]<\/p>\n","protected":false},"excerpt":{"rendered":"<p>El titular del dominio de este portal www.tapiceriamarbella.com proh\u00edbe la reproducci\u00f3n total o parcial de los contenidos del mismo sin citar su origen o solicitar autorizaci\u00f3n. La informaci\u00f3n contenida en este sistema es de elaboraci\u00f3n propia, procede de fuentes p\u00fablicas, de fuentes autorizadas por la instituci\u00f3n o insertada por los visitantes al mismo. En estos [&hellip;]<\/p>\n","protected":false},"author":1,"featured_media":0,"parent":0,"menu_order":0,"comment_status":"closed","ping_status":"closed","template":"","meta":{"_et_pb_use_builder":"on","_et_pb_old_content":"","_et_gb_content_width":"","footnotes":""},"_links":{"self":[{"href":"https:\/\/www.tapiceriamarbella.com\/es\/wp-json\/wp\/v2\/pages\/449"}],"collection":[{"href":"https:\/\/www.tapiceriamarbella.com\/es\/wp-json\/wp\/v2\/pages"}],"about":[{"href":"https:\/\/www.tapiceriamarbella.com\/es\/wp-json\/wp\/v2\/types\/page"}],"author":[{"embeddable":true,"href":"https:\/\/www.tapiceriamarbella.com\/es\/wp-json\/wp\/v2\/users\/1"}],"replies":[{"embeddable":true,"href":"https:\/\/www.tapiceriamarbella.com\/es\/wp-json\/wp\/v2\/comments?post=449"}],"version-history":[{"count":7,"href":"https:\/\/www.tapiceriamarbella.com\/es\/wp-json\/wp\/v2\/pages\/449\/revisions"}],"predecessor-version":[{"id":457,"href":"https:\/\/www.tapiceriamarbella.com\/es\/wp-json\/wp\/v2\/pages\/449\/revisions\/457"}],"wp:attachment":[{"href":"https:\/\/www.tapiceriamarbella.com\/es\/wp-json\/wp\/v2\/media?parent=449"}],"curies":[{"name":"wp","href":"https:\/\/api.w.org\/{rel}","templated":true}]}}

<p>[et_pb_section fb_built=»1&#8243; _builder_version=»4.25.1&#8243; _module_preset=»default» global_colors_info=»{}» custom_padding=»||41px|||»][et_pb_row _builder_version=»4.25.1&#8243; _module_preset=»default» global_colors_info=»{}»][et_pb_column type=»4_4&#8243; _builder_version=»4.25.1&#8243; _module_preset=»default» global_colors_info=»{}»][et_pb_text _builder_version=»4.25.1&#8243; _module_preset=»default» hover_enabled=»0&#8243; global_colors_info=»{}» sticky_enabled=»0&#8243; text_font_size=»15px» custom_padding=»33px|||||» text_line_height=»1.3em»]</p>
<p style="text-align: justify;">El titular del dominio de este portal <span style="color: #993300;">www.tapiceriamarbella.com</span> prohíbe la reproducción total o parcial de los contenidos del mismo sin citar su origen o solicitar autorización.</p>
<p style="text-align: justify;">La información contenida en este sistema es de elaboración propia, procede de fuentes públicas, de fuentes autorizadas por la institución o insertada por los visitantes al mismo. En estos dos últimos casos, las opiniones vertidas en las zonas destinadas a tal fin son propiedad de sus respectivos autores. El titular del dominio no se solidariza ni responsabiliza por la exactitud y verosimilitud de las opiniones vertidas o textos publicados en dichas zonas, y declina toda responsabilidad por la lectura, interpretación y/o utilización que se le dé a los mismos. Asimismo, se reserva el derecho de eliminar, sin previa notificación y a su propia discreción, los mensajes enviados por los visitantes u otras fuentes autorizadas si son considerados inapropiados para el contenido del sitio, así como impedir a los autores el acceso a la Web mediante los medios técnicos disponibles en la actualidad o en el futuro.<br />En caso de que en el sistema hubiera enlaces hacia otros sitios de internet, el titular del dominio no ejerce ningún control sobre dichos sitios o contenidos, no siendo responsable de los contenidos de estos enlaces.</p>
<p style="text-align: justify;">Esta institución no se hace responsable de los daños y perjuicios que pudiera ocasionar la utilización de la información albergada en este portal en general y, en particular, en lo relativo a la toma de decisiones sobre el inicio, desarrollo o resultado de procedimientos administrativos. Cualquier decisión de esta índole debe ser contrastada en las instituciones, centros, organismos o dependencias competentes.</p>
<p style="text-align: justify;">En todo caso, la información y los contenidos de este portal no podrán ser alegados en procesos contradictorios con la Administración Pública, no asumiendo responsabilidad alguna por las discrepancias que pudiesen existir entre los documentos impresos de la Administración competente y la publicación electrónica en estas páginas.</p>
<p style="text-align: justify;">Los ficheros de datos de suscripciones de este sistema no contienen datos personales, ni el usuario tiene que facilitarlos para utilizar las funcionalidades y herramientas que se le ofrecen. Esta institución no se responsabiliza de las respuestas que se realicen a través de las distintas direcciones de correo electrónico que aparecen en estas páginas.</p>
<p style="text-align: justify;">No es posible garantizar absolutamente la no interferencia de terceros ajenos al sitio, por lo que no asegura bajo ningún concepto la exactitud, verosimilitud y fidelidad de la información del sitio, ni íntegra ni parcialmente. Tampoco está asegurada la inalterabilidad o intangibilidad de todo lo publicado en línea por el sitio. La información suministrada en todo el sistema, incluidas las suscripciones, tiene carácter meramente informativo.</p>
<p style="text-align: justify;">El titular del dominio se reserva el derecho a retirar y/o modificar el acceso a los servicios ofrecidos o contenidos publicados sin necesidad de preaviso.</p>
<p style="text-align: justify;">Los usuarios aceptan que ni la institución titular, ni sus administradores serán responsables por el uso de la información que ofrece el sitio ni por la entrega, la calidad, los vicios o cualquier otro defecto que pudiesen presentar la Información, los servicios, u otros contenidos expuestos, adquiridos u obtenidos como consecuencia de la información que se alberga en el portal.</p>
<p>[/et_pb_text][/et_pb_column][/et_pb_row][/et_pb_section]</p>

<p>El titular del dominio de este portal www.tapiceriamarbella.com prohíbe la reproducción total o parcial de los contenidos del mismo sin citar su origen o solicitar autorización. La información contenida en este sistema es de elaboración propia, procede de fuentes públicas, de fuentes autorizadas por la institución o insertada por los visitantes al mismo. En estos [&hellip;]</p>
